 of 1001?
1
What is the units digit of 7385?
5
What is the hundreds digit of 5616?
6
What is the units digit of 2273?
3
What is the tens digit of 8987?
8
What is the units digit of 1393?
3
What is the tens digit of 3824?
2
What is the units digit of 150787?
7
What is the hundred thousands digit of 124649?
1
What is the units digit of 42735?
5
What is the units digit of 12365?
5
What is the ten thousands digit of 13902?
1
What is the units digit of 1014?
4
What is the tens digit of 427?
2
What is the tens digit of 1925?
2
What is the thousands digit of 74486?
4
What is the tens digit of 621?
2
What is the units digit of 1760?
0
What is the tens digit of 2586?
8
What is the hundreds digit of 4694?
6
What is the tens digit of 789?
8
What is the thousands digit of 65485?
5
What is the thousands digit of 8339?
8
What is the tens digit of 6760?
6
What is the hundreds digit of 87790?
7
What is the tens digit of 66313?
1
What is the tens digit of 76?
7
What is the units digit of 8987?
7
What is the units digit of 773?
3
What is the units digit of 105?
5
What is the tens digit of 3283?
8
What is the thousands digit of 6516?
6
What is the hundreds digit of 647?
6
What is the hundreds digit of 24957?
9
What is the thousands digit of 5158?
5
What is the thousands digit of 12833?
2
What is the hundreds digit of 601?
6
What is the hundreds digit of 7082?
0
What is the tens digit of 174?
7
What is the hundreds digit of 2478?
4
What is the thousands digit of 12103?
2
What is the thousands digit of 1076?
1
What is the ten thousands digit of 75184?
7
What is the hundreds digit of 1303?
3
What is the units digit of 1131?
1
What is the tens digit of 1089?
8
What is the units digit of 24103?
3
What is the tens digit of 1982?
8
What is the tens digit of 53683?
8
What is the hundreds digit of 3044?
0
What is the tens digit of 10792?
9
What is the tens digit of 972?
7
What is the hundreds digit of 24814?
8
What is the hundreds digit of 1180?
1
What is the hundreds digit of 51987?
9
What is the thousands digit of 1589?
1
What is the thousands digit of 1543?
1
What is the hundreds digit of 11238?
2
What is the hundreds digit of 792?
7
What is the tens digit of 6328?
2
What is the hundreds digit of 732?
7
What is the thousands digit of 61250?
1
What is the thousands digit of 5155?
5
What is the units digit of 12375?
5
What is the tens digit of 5528?
2
What is the tens digit of 85262?
6
What is the units digit of 4540?
0
What is the thousands digit of 1581?
1
What is the hundreds digit of 31437?
4
What is the units digit of 27558?
8
What is the units digit of 3338?
8
What is the tens digit of 2697?
9
What is the units digit of 16702?
2
What is the hundreds digit of 12854?
8
What is the thousands digit of 4170?
4
What is the tens digit of 38643?
4
What is the thousands digit of 12941?
2
What is the ten thousands digit of 12848?
1
What is the hundreds digit of 7511?
5
What is the thousands digit of 3810?
3
What is the ten thousands digit of 74622?
7
What is the ten thousands digit of 16060?
1
What is the units digit of 24327?
7
What is the tens digit of 12346?
4
What is the thousands digit of 8362?
8
What is the thousands digit of 14001?
4
What is the hundreds digit of 16454?
4
What is the hundreds digit of 9094?
0
What is the ten thousands digit of 26550?
2
What is the hundreds digit of 706?
7
What is the thousands digit of 53494?
3
What is the units digit of 763?
3
What is the tens digit of 38866?
6
What is the tens digit of 500?
0
What is the hundreds digit of 24232?
2
What is the hundreds digit of 4348?
3
What is the tens digit of 665?
6
What is the units digit of 1160?
0
What is the hundreds digit of 97400?
4
What is the hundreds digit of 3638?
6
What is the ten thousands digit of 68867?
6
What is the tens digit of 52289?
8
What is the tens digit of 2071?
7
What is the tens digit of 8518?
1
What is the units digit of 1641?
1
What is the tens digit of 999?
9
What is the tens digit of 2001?
0
What is the tens digit of 5904?
0
What is the tens digit of 1739?
3
What is the units digit of 455?
5
What is the ten thousands digit of 35266?
3
What is the ten thousands digit of 39106?
3
What is the thousands digit of 18668?
8
What is the hundreds digit of 28317?
3
What is the units digit of 1905?
5
What is the hundreds digit of 14054?
0
What is the tens digit of 25460?
6
What is the thousands digit of 12285?
2
What is the hundreds digit of 28014?
0
What is the tens digit of 3997?
9
What is the tens digit of 1759?
5
What is the thousands digit of 129370?
9
What is the hundreds digit of 739?
7
What is the ten thousands digit of 24067?
2
What is the hundreds digit of 38271?
2
What is the hundreds digit of 44102?
1
What is the tens digit of 3737?
3
What is the thousands digit of 9837?
9
What is the hundreds digit of 1510?
5
What is the tens digit of 4020?
2
What is the hundreds digit of 877?
8
What is the tens digit of 4275?
7
What is the ten thousands digit of 39871?
3
What is the hundreds digit of 71740?
7
What is the hundreds digit of 1647?
6
What is the thousands digit of 40882?
0
What is the tens digit of 74460?
6
What is the hundreds digit of 14731?
7
What is the hundreds digit of 43943?
9
What is the ten thousands digit of 23707?
2
What is the hundreds digit of 12519?
5
What is the tens digit of 2121?
2
What is the hundreds digit of 2769?
7
What is the units digit of 50339?
9
What is the thousands digit of 6390?
6
What is the units digit of 19?
9
What is the ten thousands digit of 69138?
6
What is the tens digit of 73286?
8
What is the units digit of 4087?
7
What is the hundreds digit of 8990?
9
What is the hundreds digit of 338?
3
What is the hundreds digit of 5721?
7
What is the units digit of 4464?
4
What is the units digit of 1739?
9
What is the units digit of 7825?
5
What is the ten thousands digit of 102018?
0
What is the thousands digit of 6579?
6
What is the hundreds digit of 70490?
4
What is the hundreds digit of 5117?
1
What is the hundreds digit of 4515?
5
What is the units digit of 7156?
6
What is the hundreds digit of 3692?
6
What is the thousands digit of 1936?
1
What is the tens digit of 12?
1
What is the hundreds digit of 92453?
4
What is the thousands digit of 5734?
5
What is the tens digit of 2279?
7
What is the ten thousands digit of 130490?
3
What is the tens digit of 9643?
4
What is the tens digit of 1915?
1
What is the tens digit of 2032?
3
What is the hundreds digit of 290?
2
What is the units digit of 8332?
2
What is the tens digit of 81467?
6
What is the hundreds digit of 145970?
9
What is the thousands digit of 1189?
1
What is the thousands digit of 9129?
9
What is the thousands digit of 40391?
0
What is the thousands digit of 4998?
4
What is the units digit of 2109?
9
What is the hundreds digit of 9336?
3
What is the units digit of 19038?
8
What is the thousands digit of 7745?
7
What is the ten thousands digit of 17190?
1
What is the units digit of 13007?
7
What is the thousands digit of 2550?
2
What is the hundreds digit of 2101?
1
What is the ten thousands digit of 21973?
2
What is the tens digit of 382?
8
What is the units digit of 6815?
5
What is the thousands digit of 1401?
1
What is the hundreds digit of 260?
2
What is the tens digit of 677?
7
What is the thousands digit of 7985?
7
What is the hundreds digit of 75583?
5
What is the tens digit of 924?
2
What is the units digit of 57547?
7
What is the hundreds digit of 17544?
5
What is the units digit of 2907?
7
What is the tens digit of 36017?
1
What is the hundreds digit of 17187?
1
What is the units digit of 438?
8
What is the units digit of 2394?
4
What is the units digit of 1721?
1
What is the tens digit of 195?
9
What is the hundreds digit of 3051?
0
What is the tens digit of 10411?
1
What is the thousands digit of 4728?
4
What is the units digit of 4219?
9
What is the hundreds digit of 19289?
2
What is the units digit of 8686?
6
What is the hundreds digit of 1147?
1
What is the tens digit of 131053?
5
What is the hundreds digit of 910?
9
What is the hundreds digit of 4211?
2
What is the hundreds digit of 38366?
3
What is the tens digit of 2669?
6
What is the thousands digit of 49913?
9
What is the tens digit of 2510?
1
What is the hundreds digit of 15692?
6
What is the tens digit of